 (-2 - 10)
-2
Evaluate -6 - (-3 - 1) - (0 + 7 - -19).
-28
What is -12 + (15 - 16) + (-3 - 0 - -7)?
-9
Evaluate 42 + (-11 - 13) - 23.
-5
What is -75 + 69 - (-21 - -8)?
7
(7 - (1 + 19 + -14)) + 10
11
Calculate -5 - (-5 + (7 - (7 - 4)) + 10).
-14
Evaluate 42 + (-16 - 16) + 1 + 1.
12
What is 4 + -13 + -2 + (39 - 27)?
1
Calculate -20 + -15 + 26 - (-10 + 0 + -1).
2
2 + -18 - (129 + -142)
-3
What is the value of 0 + -8 - (-279 - -271) - (-1 + 7)?
-6
What is (3 - 9) + 65 + -80?
-21
What is the value of -5 + (-36 + 47 + -25 - (-3 + -1))?
-15
Calculate 33 + -29 + (-8 + -2 - -2).
-4
(4 - 8 - (5 - (7 - 1))) + 0
-3
What is the value of (8 - -1 - 13) + 23?
19
Evaluate -2 - ((4 - 7) + -6) - -7.
14
Calculate 1 + (0 - 4) + 9 - -6.
12
Calculate -13 + -21 + 8 + 20.
-6
Calculate 0 - (4 + -9) - ((9 - -4) + 3).
-11
(-1 - 0) + -1 + -36 + (-50 - -95)
7
Calculate -422 + 421 + 15 + -2.
12
Calculate (14 - 2) + -34 - -41.
19
23 + (5 + -3 - (5 - 2)) - 5
17
What is -14 + -2 + 32 - 17?
-1
Calculate (27 - -3 - -18) + -54.
-6
(-8 + (-5 - (0 - 10)) - 1) + -6
-10
7 + -6 + 5 + 9 + (-9 - -4)
10
What is (6 - 0 - 1) + (3 - 4)?
4
What is the value of (8 + -4 - -2) + -5 - 5?
-4
Evaluate 1 + (-7 - -8) + 2 - -8.
12
What is 1 - -3 - (-23 + (27 - 2))?
2
Calculate (8 - 43) + (14 - (12 - 8)) + 2.
-23
-5 + (9 - 0) + -2 + (4 - -5)
11
Calculate 37 + -6 + -10 - 3.
18
26 - 11 - (8 + (12 - 19) - 6)
20
What is the value of 24 + -23 + -11 - -14?
4
What is the value of 2 + 5 - (-58 + 68) - (1 - -6)?
-10
What is (6 - 4) + -7 + -5 + (5 - -3)?
-2
What is the value of -4 + 3 + 7 - (5 + -4)?
5
What is the value of -11 - (15 - (7 - 11 - -12))?
-18
What is -17 + 17 - 15 - -26?
11
What is the value of -17 + 56 + -16 + 12 + 0?
35
(-26 - -2 - 3) + 21 + -12
-18
0 - -3 - (0 + -1 + (25 - 15))
-6
Calculate -2 + 2 + -2 - (9 + -16).
5
What is the value of 5 - 21 - (-29 - 10)?
23
Calculate 3 + 25 + -10 + -17.
1
What is the value of -18 + 33 - -21 - 40?
-4
Calculate -18 + -13 + 27 - 20.
-24
What is the value of (-3 - 10 - -27) + -15?
-1
What is the value of 2 - 1 - (-71 + 65)?
7
What is 23 + -22 - (0 + 1 - (-17 - -14))?
-3
What is the value of -16 - (7 - (21 - 14) - 18)?
2
Evaluate 26 + (-40 - -23) + 4.
13
What is the value of (10 + 3 - 12) + 5 - (-17 - 0)?
23
Evaluate (-2 - -10 - (25 - 24)) + 11 + 1.
19
What is the value of (11 - (11 - 8)) + -2?
6
Calculate 2 + 3 - (-15 + 23 + -3).
0
-6 - (-21 + 50 + -12)
-23
Evaluate 0 + -28 + 22 - (2 + 0 - 11).
3
What is -11 - -5 - ((-7 - -1) + -3)?
3
Calculate -35 - (-10 - (-12 + 38)).
1
Evaluate 26 + -59 + 26 - (-1 - -16) - -8.
-14
Calculate -12 + -5 + (-3 + 3 - (-6 + 0)).
-11
Evaluate (-3 - -4 - 3) + 58 + -49.
7
Calculate (4 + 3 - 6 - 26) + 10 + -8.
-23
What is the value of -2 + 21 + 166 + -187?
-2
-2 + (9 - (-6 - -3)) + -13
-3
What is the value of -13 + 4 - (-10 + -3)?
4
Evaluate 9 - 28 - -11 - -33.
25
What is (-1 - -1) + 3 + 1 + (42 - 40)?
6
6 + (3 - 0 - 12 - (-11 + 4))
4
What is the value of 42 + -25 + -18 + -3 + -2?
-6
What is the value of -16 - (9 - ((-2 - -4) + 10))?
-13
Calculate (-26 + 1 - -1) + 10 + -6 + 4.
-16
32 + (-1 - 25 - (-246 + 234))
18
What is 72 - (66 - (-13 + 39))?
32
Evaluate -4 + 19 - (20 - 8).
3
Calculate -4 - -7 - 12 - (-143 - -138).
-4
What is the value of -9 - 1 - (6 - -8 - 15)?
-9
What is the value of 7 + -15 + 5 + -3 + (-12 - -5)?
-13
Calculate 24 + -61 + (10 - -14).
-13
Evaluate 7 + (-8 + -5 - (-13 + 3)).
4
Evaluate 41 + 1 + 4 - 14.
32
Evaluate 4 - (-33 - -38 - (0 + 4 - -2)).
5
-2 + -25 + 2 - (1 - 8)
-18
What is (-69 - -79) + (0 - -3)?
13
-7 - (-5 - (-1 + -2 + (3 - 6)))
-8
What is the value of 23 + 12 + -2 + -36?
-3
What is the value of -32 + 15 + -6 - -18?
-5
Evaluate -113 + 116 - (7 + -5 - (0 - -3)).
4
Calculate (7 + -23 + 4 - -20) + -14.
-6
Evaluate 5 + (5 - -5) + -30.
-15
What is -7 + (34 + -17 - -14)?
24
Calculate 13 + -18 + 35 - 14.
16
Calculate 1 + 3 + -4 + (-1 - -3 - 10).
-8
Evaluate -4 + (-17 + (8 - -19) - (6 + -1)).
1
Calculate (-20 - (6 - (5 - -13))) + 7.
-1
What is (-28 - -17 - -2) + (-2 - (-1 + 4))?
-14
Evaluate 7 - ((114 - 109) + (1 - -4)).
-3
Evaluate (4 - -5 - 3) + -3 + -14 + 18.
7
What is 5 + -19 - ((-10 - 0) + 5) - 2?
-11
What is 23 + 26 + -24 - 14?
11
Calculate -2 + -9 + (-1 - (-13 + 8)).
-7
What is the value of -11 - (4 - 17) - 15?
-13
What is -6 - (11 + (7 - (9 + 1)) + -10)?
-4
27 + (-12 - (43 - 39))
11
(-13 - -2 - (-22 - -13) - -6) + -24
-20
Evaluate -5 + (16 - -3) - 8.
6
Evaluate (-5 - -6) + 3 + 8 + 1.
13
What is the value of (-16 - -1) + (2 - -1) + 8?
-4
Calculate 25 - -3 - (-2 - (6 - 4) - -12).
20
What is the value of 0 + -1 + (-34 - (-13 - 16))?
-6
-3 + 4 + 6 + -7 + (8 - 11)
-3
What is (-37 - (-23 + -11)) + 36?
33
Evaluate 5 + 1 + (15 - 10).
11
Calculate -13 + (4 + -7 - -8) - (3 + 1).
-12
What is the value of 4 + -24 - (10 - (24 + -10))?
-16
Evaluate 0 + -7 + (15 - 4).
4
Evaluate -16 + (24 - (0 - -2)).
6
What is the value of -2 + 0 + 536 + -554?
-20
What is the value of ((1 - 6) + 5 - 2) + 10?
8
What is the value of 17 - (-16 - -19) - 22?
-8
What is (-2 + 1 - -16) + (8 - 11) - 7?
5
Calculate -5 + -15 + (0 - -9) + 10 - 22.
-23
14 - -2 - 24 - (3 - 0)
-11
What is the value of -10 + (10 + 1 + -6 - 9)?
-14
What is the value of 1 + 0 + -2 + -1 - 4 - 9?
-15
What is 53 - 28 - (18 - 2)?
9
Calculate -8 - -9 - 21 - 0.
-20
Calculate (-3 + -6 + -1 - -21 - 12) + 6.
5
Calculate 2 + -14 + 7 + 3 - -5.
3
1 + -1 - (40 - 45)
5
What is (-25 - (-6 - (-1 - 3))) + (-167 - -172)?
-18
Evaluate (1 - 1) + 9 - (426 + -419).
2
Calculate -9 + (30 - 13) + -1.
7
What is (-3 - -5) + 4 + -7 + 0 + -6?
-7
Calculate (10 - (-28 - -21)) + 1.
18
0 + 2 + (18 - 13) - -1
8
-2 - 7 - (100 + -107)
-2
-1 - -17 - (-9 + -2 + (-3 - -16))
14
Evaluate -2 + 7 - (2 + 2 - 1 - -3).
-1
What is -1 + 1 - (126 - 128) - (-15 + 1)?
16
What is (-4 - (3 - (-1 + -1 + -1))) + 1?
-9
23 - (12 + (9 + -2 - 9)) - 12
1
Evaluate 6 + 4 + -2 + 5 + -4 + -5.
4
Calculate (-76 - -40) + 31 + -4 + 0 + 47.
38
Evaluate -6 - (1 + (11 - -2)) - -51.
31
Calculate 5 + (1 - (-8 - -11)) + 2 + 1.
6
39 + -24 + -7 + 0 - (4 + -5)
9
What is the value of -1 + 3 + 3 + 4?
9
40 - 52 - (-8 + -34)
30
(11 - -50 - 71) + -1 + -1
-12
What is (1 - (-7 - (-11 - -8))) + (1 - 16)?
-10
What is the value of 4 + (35 - 2) + -147 + 143?
33
What is -7 + (-5 - (-13 + 17)) + 22?
6
-7 + (-25 - -20) + (-4 - -31)
15
What is 12 + (-45 + 40 - (-7 + 2))?
12
What is the value of 6 - ((4 - (2 + (0 - 1))) + 7)?
-4
Evaluate -20 + (44 - 35 - 1).
-12
Calculate -197 + 235 + (-34 - -1).
5
What is -23 - (-4 + -2) - -26?
9
Evaluate 18 - -1 - ((43 - 5) + -10).
-9
Evaluate -10 - -2 - (-19 + 7).
4
What is 2 + -26 + (24 - -4)?
4
What is (-5 - 9) + 12 + (-5 - -13)?
6
What is 0 + 2 + -9 + -1 - (-216 + 200)?
8
Evaluate (0 - -8 - (-14 + 23)) + (-1 - -12).
10
What is 0 + ((15 - -3 - 4) + -8 - 3)?
3
(-14 - -2 - -1) + 1 + 79 + -77
-8
Evaluate 4 + -4 + (2 + 0 - 1) + -3.
-2
What is the value of 15 + 3 + 5 + -15?
8
18 + (-3 - 14) + -16
-15
Calculate 1 + 7 + -7 + -6 + 7 - 0.
2
Calculate (-12 + -29 + 18 - (-5 + -7)) + -7.
-18
What is the value of 1 - 0 - 5 - (-4 - (6 - 7))?
-1
Calculate (37 - 11 - 11) + -24.
-9
What is the value of -3 - 4 - -8 - 4?
-3
Evaluate ((0 - 4) + 61 + -52 - 6) + 1.
0
Calculate -17 - (8 + -7) - -11.
-7
Evaluate (4 - 26) + 38 + -4.
12
Evaluate (7 + 3 - 19) + 15 + 8 + 0.
14
-10 - (-29 - (21 + -52))
-12
What is the value of (-19 - (7 + -8)) + 44 + 10?
36
(2 - 3) + 7 + 115 + -131
-10
What is the value of (-14 - (2 + -3)) + 3 + (49 - 45)?
-6
Calculate (-643 - -607) + -1 + 23.
-14
Evaluate 21 + -21 - 2 - (-18 - (-3 - -5)).
18
What is the value of 47 + -15 + -12 + -7?
13
Evaluate -54 - -45 - (-2 + 0) - 8.
-15
-16 + 6 + 16 - (-11 + 6)
11
Calculate (5 - (-11 - -6) - -10) + -6.
14
What is the value of 826 + -793 - (-2 + 26)?
9
8 + 6 + -4 + -6 + (-11 - -5)
-2
What is 3 - (-2 + 0 + 20 + -8) - 14?
-21
-7 - -23 - (25 - -3)
-12
Evaluate -35 + 36 + -8 + -7.
-14
What is 11 - (-19 + 7 + 25 - 14)?
12
Evaluate 26 + 0 + (-12 - 0) + -2.
12
What is 19 + -5 + (-29 - -7)?
-8
Calculate (1 - -1) + -4 + (-7 - 0 - -12).
3
Calculate -1 + 1 + 0 + (990 - 1002).
-12
What is 2 - (-4 + 5 + (-14 - 0 - -7))?
8
What is -17 + 11 - 13 - -8?
-11
What is the value of 7 - (16 - (19 + 3))?
13
4 - ((-9 - -15) + -11)
9
What is 14 + (-6 - -2) + -1 - -5?
14
(-18 - -10) + 7 - -18
17
Evaluat